{"id":1105,"date":"2022-05-28T15:54:57","date_gmt":"2022-05-28T13:54:57","guid":{"rendered":"https:\/\/www.lexlet.at\/?page_id=1105"},"modified":"2024-11-26T00:17:14","modified_gmt":"2024-11-25T23:17:14","slug":"standort","status":"publish","type":"page","link":"https:\/\/www.lexlet.at\/index.php\/standort\/","title":{"rendered":"Standort"},"content":{"rendered":"\n<style type=\"text\/css\" data-created_by=\"avia_inline_auto\" id=\"style-css-av-l3q4ej1n-bc6ec3cc597d609ac5c67d205da37137\">\n.flex_column.av-l3q4ej1n-bc6ec3cc597d609ac5c67d205da37137{\nwidth:100%;\n}\n<\/style>\n<div  class='flex_column av-l3q4ej1n-bc6ec3cc597d609ac5c67d205da37137 av_one_full  avia-builder-el-0  el_before_av_hr  avia-builder-el-first  first flex_column_div av-animated-generic fade-in  '     ><style type=\"text\/css\" data-created_by=\"avia_inline_auto\" id=\"style-css-av-e1c3z5-f40522c9bef4abfc1d41549112bc47cb\">\n#top .av-special-heading.av-e1c3z5-f40522c9bef4abfc1d41549112bc47cb{\npadding-bottom:20px;\n}\nbody .av-special-heading.av-e1c3z5-f40522c9bef4abfc1d41549112bc47cb .av-special-heading-tag .heading-char{\nfont-size:25px;\n}\n.av-special-heading.av-e1c3z5-f40522c9bef4abfc1d41549112bc47cb .av-subheading{\nfont-size:15px;\n}\n<\/style>\n<div  class='av-special-heading av-e1c3z5-f40522c9bef4abfc1d41549112bc47cb av-special-heading-h4 blockquote modern-quote modern-centered  avia-builder-el-1  avia-builder-el-no-sibling '><h4 class='av-special-heading-tag '  itemprop=\"headline\"  >Unser Standort in V\u00f6cklabruck hei\u00dft Sie herzlich willkommen!<\/h4><div class=\"special-heading-border\"><div class=\"special-heading-inner-border\"><\/div><\/div><\/div><\/div><div  class='hr av-atomp-d49222209930e88ecf2dff4355b380cd hr-default  avia-builder-el-2  el_after_av_one_full  el_before_av_one_full '><span class='hr-inner '><span class=\"hr-inner-style\"><\/span><\/span><\/div><\/p>\n<div  class='flex_column av-4anky9-831ea005eb7a37ccf8d366885dd9fa78 av_one_full  avia-builder-el-3  el_after_av_hr  el_before_av_hr  first flex_column_div  '     ><div  class='avia-slideshow av-ledqoaku-d7df29816c275303ba9235db997dafe5 avia-slideshow-featured av_slideshow avia-slide-slider  avia-builder-el-4  avia-builder-el-no-sibling  av-slideshow-ui av-control-default av-slideshow-manual av-loop-once av-loop-manual-endless av-default-height-applied avia-slideshow-1' data-slideshow-options=\"{&quot;animation&quot;:&quot;slide&quot;,&quot;autoplay&quot;:false,&quot;loop_autoplay&quot;:&quot;once&quot;,&quot;interval&quot;:5,&quot;loop_manual&quot;:&quot;manual-endless&quot;,&quot;autoplay_stopper&quot;:false,&quot;noNavigation&quot;:false,&quot;bg_slider&quot;:false,&quot;keep_padding&quot;:false,&quot;hoverpause&quot;:false,&quot;show_slide_delay&quot;:0}\"  itemprop=\"image\" itemscope=\"itemscope\" itemtype=\"https:\/\/schema.org\/ImageObject\" ><ul class='avia-slideshow-inner ' style='padding-bottom: 28.666666666667%;'><li  class='avia-slideshow-slide av-ledqoaku-d7df29816c275303ba9235db997dafe5__0  av-single-slide slide-1 slide-odd'><div data-rel='slideshow-1' class='avia-slide-wrap '   ><img decoding=\"async\" fetchpriority=\"high\" class=\"wp-image-1175 avia-img-lazy-loading-not-1175\"  src=\"https:\/\/wp2.lexlet.at\/wp-content\/uploads\/2023\/02\/KHP_Landl_Edelmann-1_Standort_angepasst-1500x430.jpg\" width=\"1500\" height=\"430\" title='KHP_Landl_Edelmann-1_Standort_angepasst' alt='Standort Landl Edelmann Rechtsanwaltspartnerschaft Kanzlei V\u00f6cklabruck'  itemprop=\"thumbnailUrl\"   \/><\/div><\/li><\/ul><\/div><\/div>\n<div  class='hr av-bsade9-600c67cbe77b095abab6550ead08e7d7 hr-default  avia-builder-el-5  el_after_av_one_full  el_before_av_one_half '><span class='hr-inner '><span class=\"hr-inner-style\"><\/span><\/span><\/div>\n<div  class='flex_column av-3u2vgx-0eae91c1b014160586fef52d05b87641 av_one_half  avia-builder-el-6  el_after_av_hr  el_before_av_one_half  first flex_column_div  '     ><section  class='av_textblock_section av-96ltcx-fe3eb573ca3fb5eeba497214631fe8bd '   itemscope=\"itemscope\" itemtype=\"https:\/\/schema.org\/CreativeWork\" ><div class='avia_textblock'  itemprop=\"text\" ><p style=\"text-align: center;\"><strong>Adresse:<\/strong><br \/>\nFerdinand \u00d6ttl-Stra\u00dfe 15<br \/>\nA-4840 V\u00f6cklabruck<br \/>\nTel.: +43(0)7672 29360<br \/>\nFax: +43(0)7672 29360-13<br \/>\ne-mail: <span id=\"cloak16622\"><a href=\"mailto:anwaelte@lexlet.at\">anwaelte@lexlet.at<\/a><\/span><\/p>\n<p style=\"text-align: center;\"><strong>\u00d6ffnungszeiten:<\/strong><br \/>\n<strong>Montag &#8211; Donnerstag:<\/strong><br \/>\n08:00 &#8211; 12:00 &amp; 13:00 &#8211; 17:00<br \/>\n<strong>Freitag:<\/strong><br \/>\n08:00 &#8211; 12:00<\/p>\n<p style=\"text-align: center;\">Sie finden uns im 3. Obergeschoss<\/p>\n<p style=\"text-align: center;\">Parkpl\u00e4tze befinden sich in unmittelbarer Umgebung<\/p>\n<\/div><\/section><\/div>\n<div  class='flex_column av-2xsyrl-558676dc71353ca306a373f6b3507142 av_one_half  avia-builder-el-8  el_after_av_one_half  el_before_av_hr  flex_column_div  '     ><div  class='av_gmaps_sc_main_wrap av_gmaps_main_wrap '><div id='av_gmap_0' class='avia-google-map-container avia-google-map-sc av_gmaps_show_unconditionally av-no-fallback-img ' data-mapid='av_gmap_0'  style='height: 400px;'><a class=\"av_gmaps_browser_disabled av_text_confirm_link av_text_confirm_link_visible\" href=\"https:\/\/www.google.com\/maps\/search\/?api=1&#038;query=Ferdinand%20\u00d6ttl-Stra\u00dfe%2015%20%20V\u00f6cklabruck%20%20\u00d6sterreich\" target=\"_blank\">Aufgrund deiner Datenschutz-Einstellungen k\u00f6nnen wir Ihnen die Karte nicht anzeigen. Klicken Sie hier, um die Karte in einem neuen Fenster zu \u00f6ffnen.<\/a><\/div><\/div><\/div>\n<div  class='hr av-2nyo4x-042a2329faffdd5c3097a6774dc68a62 hr-default  avia-builder-el-10  el_after_av_one_half  avia-builder-el-last '><span class='hr-inner '><span class=\"hr-inner-style\"><\/span><\/span><\/div>\n","protected":false},"excerpt":{"rendered":"","protected":false},"author":1,"featured_media":0,"parent":0,"menu_order":0,"comment_status":"closed","ping_status":"closed","template":"","meta":{"_monsterinsights_skip_tracking":false,"_monsterinsights_sitenote_active":false,"_monsterinsights_sitenote_note":"","_monsterinsights_sitenote_category":0,"footnotes":""},"class_list":["post-1105","page","type-page","status-publish","hentry"],"aioseo_notices":[],"_links":{"self":[{"href":"https:\/\/www.lexlet.at\/index.php\/wp-json\/wp\/v2\/pages\/1105","targetHints":{"allow":["GET"]}}],"collection":[{"href":"https:\/\/www.lexlet.at\/index.php\/wp-json\/wp\/v2\/pages"}],"about":[{"href":"https:\/\/www.lexlet.at\/index.php\/wp-json\/wp\/v2\/types\/page"}],"author":[{"embeddable":true,"href":"https:\/\/www.lexlet.at\/index.php\/wp-json\/wp\/v2\/users\/1"}],"replies":[{"embeddable":true,"href":"https:\/\/www.lexlet.at\/index.php\/wp-json\/wp\/v2\/comments?post=1105"}],"version-history":[{"count":36,"href":"https:\/\/www.lexlet.at\/index.php\/wp-json\/wp\/v2\/pages\/1105\/revisions"}],"predecessor-version":[{"id":1305,"href":"https:\/\/www.lexlet.at\/index.php\/wp-json\/wp\/v2\/pages\/1105\/revisions\/1305"}],"wp:attachment":[{"href":"https:\/\/www.lexlet.at\/index.php\/wp-json\/wp\/v2\/media?parent=1105"}],"curies":[{"name":"wp","href":"https:\/\/api.w.org\/{rel}","templated":true}]}}