{"id":190,"date":"2017-02-21T23:24:39","date_gmt":"2017-02-21T22:24:39","guid":{"rendered":"http:\/\/wp.lexlet.at\/wp\/?page_id=190"},"modified":"2023-08-09T17:34:30","modified_gmt":"2023-08-09T15:34:30","slug":"kontakt","status":"publish","type":"page","link":"https:\/\/www.lexlet.at\/index.php\/kontakt\/","title":{"rendered":"Kontakt"},"content":{"rendered":"\n<style type=\"text\/css\" data-created_by=\"avia_inline_auto\" id=\"style-css-av-1f5pue-51fbc9a24a72f1b121d67aca67f569f4\">\n.flex_column.av-1f5pue-51fbc9a24a72f1b121d67aca67f569f4{\nborder-radius:0px 0px 0px 0px;\npadding:0px 0px 0px 0px;\n}\n<\/style>\n<div  class='flex_column av-1f5pue-51fbc9a24a72f1b121d67aca67f569f4 av_one_full  avia-builder-el-0  el_before_av_heading  avia-builder-el-first  first flex_column_div av-animated-generic fade-in av-zero-column-padding  '     ><p>\n<style type=\"text\/css\" data-created_by=\"avia_inline_auto\" id=\"style-css-av-19e07y-efbf86fc86fd4a107177f213e94c29df\">\n#top .av-special-heading.av-19e07y-efbf86fc86fd4a107177f213e94c29df{\npadding-bottom:10px;\ncolor:#6b6b6b;\n}\nbody .av-special-heading.av-19e07y-efbf86fc86fd4a107177f213e94c29df .av-special-heading-tag .heading-char{\nfont-size:25px;\n}\n.av-special-heading.av-19e07y-efbf86fc86fd4a107177f213e94c29df .special-heading-inner-border{\nborder-color:#6b6b6b;\n}\n.av-special-heading.av-19e07y-efbf86fc86fd4a107177f213e94c29df .av-subheading{\nfont-size:15px;\n}\n<\/style>\n<div  class='av-special-heading av-19e07y-efbf86fc86fd4a107177f213e94c29df av-special-heading-h2 custom-color-heading  avia-builder-el-1  el_before_av_hr  avia-builder-el-first '><h2 class='av-special-heading-tag '  itemprop=\"headline\"  >Senden Sie uns einfach Ihr Anliegen \u00fcber unser Kontaktformular, wir behandeln es vertrauensvoll und nehmen umgehend Kontakt mit Ihnen auf. <\/h2><div class=\"special-heading-border\"><div class=\"special-heading-inner-border\"><\/div><\/div><\/div><br \/>\n\n<style type=\"text\/css\" data-created_by=\"avia_inline_auto\" id=\"style-css-av-10or7q-cc4cd2a7a15c834cabf54f6c199c1b06\">\n#top .hr.hr-invisible.av-10or7q-cc4cd2a7a15c834cabf54f6c199c1b06{\nheight:14px;\n}\n<\/style>\n<div  class='hr av-10or7q-cc4cd2a7a15c834cabf54f6c199c1b06 hr-invisible  avia-builder-el-2  el_after_av_heading  el_before_av_image '><span class='hr-inner '><span class=\"hr-inner-style\"><\/span><\/span><\/div><br \/>\n\n<style type=\"text\/css\" data-created_by=\"avia_inline_auto\" id=\"style-css-av-wf19i-08f824f919085e786fb8b0843b43eff9\">\n.avia-image-container.av-wf19i-08f824f919085e786fb8b0843b43eff9 img.avia_image{\nbox-shadow:none;\n}\n.avia-image-container.av-wf19i-08f824f919085e786fb8b0843b43eff9 .av-image-caption-overlay-center{\ncolor:#ffffff;\n}\n<\/style>\n<div  class='avia-image-container av-wf19i-08f824f919085e786fb8b0843b43eff9 av-styling- avia_animated_image av-animated-when-visible-95 fade-in avia-align-center  avia-builder-el-3  el_after_av_hr  el_before_av_textblock '   itemprop=\"image\" itemscope=\"itemscope\" itemtype=\"https:\/\/schema.org\/ImageObject\" ><div class=\"avia-image-container-inner\"><div class=\"avia-image-overlay-wrap\"><img decoding=\"async\" fetchpriority=\"high\" class='wp-image-1211 avia-img-lazy-loading-not-1211 avia_image ' src=\"https:\/\/wp2.lexlet.at\/wp-content\/uploads\/2023\/03\/KHP_Landl_Edelmann-9_klein_for_kontakt_2.jpg\" alt='' title='KHP_Landl_Edelmann-9_klein_for_kontakt_2'  height=\"393\" width=\"1169\"  itemprop=\"thumbnailUrl\" srcset=\"https:\/\/wp2.lexlet.at\/wp-content\/uploads\/2023\/03\/KHP_Landl_Edelmann-9_klein_for_kontakt_2.jpg 1169w, https:\/\/wp2.lexlet.at\/wp-content\/uploads\/2023\/03\/KHP_Landl_Edelmann-9_klein_for_kontakt_2-300x101.jpg 300w, https:\/\/wp2.lexlet.at\/wp-content\/uploads\/2023\/03\/KHP_Landl_Edelmann-9_klein_for_kontakt_2-1030x346.jpg 1030w, https:\/\/wp2.lexlet.at\/wp-content\/uploads\/2023\/03\/KHP_Landl_Edelmann-9_klein_for_kontakt_2-768x258.jpg 768w, https:\/\/wp2.lexlet.at\/wp-content\/uploads\/2023\/03\/KHP_Landl_Edelmann-9_klein_for_kontakt_2-705x237.jpg 705w\" sizes=\"(max-width: 1169px) 100vw, 1169px\" \/><\/div><\/div><\/div><br \/>\n\n<style type=\"text\/css\" data-created_by=\"avia_inline_auto\" id=\"style-css-av-srdam-f16c46dfcf41d60bf4e85dd93822020c\">\n#top .av_textblock_section.av-srdam-f16c46dfcf41d60bf4e85dd93822020c .avia_textblock{\nfont-size:14px;\n}\n<\/style>\n<section  class='av_textblock_section av-srdam-f16c46dfcf41d60bf4e85dd93822020c '   itemscope=\"itemscope\" itemtype=\"https:\/\/schema.org\/CreativeWork\" ><div class='avia_textblock'  itemprop=\"text\" ><p>Weitere Kontaktm\u00f6glichkeiten wie Telefonnummern, Emailadressen und unsere \u00d6ffnungszeiten, finden Sie unter dem Men\u00fc-Punkt <a href=\"https:\/\/www.lexlet.at\/index.php\/standort\/\">Standort<\/a>.<\/p>\n<\/div><\/section><\/p><\/div>\n<style type=\"text\/css\" data-created_by=\"avia_inline_auto\" id=\"style-css-av-n8vgm-e8351e0dec6c49d10cff9c79203e56d5\">\n#top .av-special-heading.av-n8vgm-e8351e0dec6c49d10cff9c79203e56d5{\npadding-bottom:25px;\n}\nbody .av-special-heading.av-n8vgm-e8351e0dec6c49d10cff9c79203e56d5 .av-special-heading-tag .heading-char{\nfont-size:25px;\n}\n.av-special-heading.av-n8vgm-e8351e0dec6c49d10cff9c79203e56d5 .av-subheading{\nfont-size:15px;\n}\n<\/style>\n<div  class='av-special-heading av-n8vgm-e8351e0dec6c49d10cff9c79203e56d5 av-special-heading-h3  avia-builder-el-5  el_after_av_one_full  el_before_av_textblock '><h3 class='av-special-heading-tag '  itemprop=\"headline\"  >Kontaktformular<\/h3><div class=\"special-heading-border\"><div class=\"special-heading-inner-border\"><\/div><\/div><\/div><\/p>\n<section  class='av_textblock_section av-fo73q-3f8a88f95e5670d915deb4df10009a18 '   itemscope=\"itemscope\" itemtype=\"https:\/\/schema.org\/CreativeWork\" ><div class='avia_textblock'  itemprop=\"text\" >\n<div class=\"wpcf7 no-js\" id=\"wpcf7-f641-o1\" lang=\"de-DE\" dir=\"ltr\" data-wpcf7-id=\"641\">\n<div class=\"screen-reader-response\"><p role=\"status\" aria-live=\"polite\" aria-atomic=\"true\"><\/p> <ul><\/ul><\/div>\n<form action=\"\/index.php\/wp-json\/wp\/v2\/pages\/190#wpcf7-f641-o1\" method=\"post\" class=\"wpcf7-form init\" aria-label=\"Kontaktformular\" enctype=\"multipart\/form-data\" novalidate=\"novalidate\" data-status=\"init\">\n<fieldset class=\"hidden-fields-container\"><input type=\"hidden\" name=\"_wpcf7\" value=\"641\" \/><input type=\"hidden\" name=\"_wpcf7_version\" value=\"6.1.5\" \/><input type=\"hidden\" name=\"_wpcf7_locale\" value=\"de_DE\" \/><input type=\"hidden\" name=\"_wpcf7_unit_tag\" value=\"wpcf7-f641-o1\" \/><input type=\"hidden\" name=\"_wpcf7_container_post\" value=\"0\" \/><input type=\"hidden\" name=\"_wpcf7_posted_data_hash\" value=\"\" \/>\n<\/fieldset>\n<div class=\"wpcf7-turnstile cf-turnstile\" data-sitekey=\"0x4AAAAAACorV7CCtiwPQbsB\" data-response-field-name=\"_wpcf7_turnstile_response\"><\/div>\n\n<p><label> Name (Pflichtfeld)<br \/>\n<span class=\"wpcf7-form-control-wrap\" data-name=\"your-name\"><input size=\"40\" maxlength=\"400\" class=\"wpcf7-form-control wpcf7-text wpcf7-validates-as-required\" aria-required=\"true\" aria-invalid=\"false\" value=\"\" type=\"text\" name=\"your-name\" \/><\/span> <\/label>\n<\/p>\n<p><label> E-Mail-Adresse (Pflichtfeld)<br \/>\n<span class=\"wpcf7-form-control-wrap\" data-name=\"your-email\"><input size=\"40\" maxlength=\"400\" class=\"wpcf7-form-control wpcf7-email wpcf7-validates-as-required wpcf7-text wpcf7-validates-as-email\" aria-required=\"true\" aria-invalid=\"false\" value=\"\" type=\"email\" name=\"your-email\" \/><\/span> <\/label>\n<\/p>\n<p><label> Telefonnummer<br \/>\n<span class=\"wpcf7-form-control-wrap\" data-name=\"Telefonnummer\"><input size=\"40\" maxlength=\"400\" class=\"wpcf7-form-control wpcf7-tel wpcf7-text wpcf7-validates-as-tel\" aria-invalid=\"false\" value=\"\" type=\"tel\" name=\"Telefonnummer\" \/><\/span><\/label>\n<\/p>\n<p><label> Betreff \/ Anliegen<br \/>\n<span class=\"wpcf7-form-control-wrap\" data-name=\"your-subject\"><input size=\"40\" maxlength=\"400\" class=\"wpcf7-form-control wpcf7-text\" aria-invalid=\"false\" value=\"\" type=\"text\" name=\"your-subject\" \/><\/span> <\/label>\n<\/p>\n<p><label> Ihre Nachricht<br \/>\n<span class=\"wpcf7-form-control-wrap\" data-name=\"your-message\"><textarea cols=\"40\" rows=\"10\" maxlength=\"2000\" class=\"wpcf7-form-control wpcf7-textarea\" aria-invalid=\"false\" name=\"your-message\"><\/textarea><\/span> <\/label>\n<\/p>\n<p><label> File-Upload (Fotos oder Dokumente) <span class=\"wpcf7-form-control-wrap\" data-name=\"Datei-Upload\"><input size=\"40\" class=\"wpcf7-form-control wpcf7-file\" accept=\".pdf,.docx,.txt,.jpeg,.jpg,.png,.pages\" aria-invalid=\"false\" type=\"file\" name=\"Datei-Upload\" \/><\/span><\/label>\n<\/p>\n<p><input class=\"wpcf7-form-control wpcf7-submit has-spinner\" type=\"submit\" value=\"Senden\" \/>\n<\/p><div class=\"wpcf7-response-output\" aria-hidden=\"true\"><\/div>\n<\/form>\n<\/div>\n\n<\/div><\/section>\n<div  class='hr av-6v72e-8497d81235e6f013fb9918671bc731be hr-default  avia-builder-el-7  el_after_av_textblock  avia-builder-el-last '><span class='hr-inner '><span class=\"hr-inner-style\"><\/span><\/span><\/div>\n","protected":false},"excerpt":{"rendered":"","protected":false},"author":2,"featured_media":0,"parent":0,"menu_order":0,"comment_status":"closed","ping_status":"closed","template":"","meta":{"_monsterinsights_skip_tracking":false,"_monsterinsights_sitenote_active":false,"_monsterinsights_sitenote_note":"","_monsterinsights_sitenote_category":0,"footnotes":""},"class_list":["post-190","page","type-page","status-publish","hentry"],"aioseo_notices":[],"_links":{"self":[{"href":"https:\/\/www.lexlet.at\/index.php\/wp-json\/wp\/v2\/pages\/190","targetHints":{"allow":["GET"]}}],"collection":[{"href":"https:\/\/www.lexlet.at\/index.php\/wp-json\/wp\/v2\/pages"}],"about":[{"href":"https:\/\/www.lexlet.at\/index.php\/wp-json\/wp\/v2\/types\/page"}],"author":[{"embeddable":true,"href":"https:\/\/www.lexlet.at\/index.php\/wp-json\/wp\/v2\/users\/2"}],"replies":[{"embeddable":true,"href":"https:\/\/www.lexlet.at\/index.php\/wp-json\/wp\/v2\/comments?post=190"}],"version-history":[{"count":44,"href":"https:\/\/www.lexlet.at\/index.php\/wp-json\/wp\/v2\/pages\/190\/revisions"}],"predecessor-version":[{"id":1254,"href":"https:\/\/www.lexlet.at\/index.php\/wp-json\/wp\/v2\/pages\/190\/revisions\/1254"}],"wp:attachment":[{"href":"https:\/\/www.lexlet.at\/index.php\/wp-json\/wp\/v2\/media?parent=190"}],"curies":[{"name":"wp","href":"https:\/\/api.w.org\/{rel}","templated":true}]}}